{"version":"1.0","provider_name":"Asociaci\u00f3n fotogr\u00e1fica C\u00e1mara en mano Las Rozas","provider_url":"https:\/\/camaraenmano.org","title":"Exposici\u00f3n: Steve Mac Curry - Icons - Asociaci\u00f3n fotogr\u00e1fica C\u00e1mara en mano Las Rozas","type":"rich","width":600,"height":338,"html":"<blockquote class=\"wp-embedded-content\" data-secret=\"BUH5JNTtne\"><a href=\"https:\/\/camaraenmano.org\/index.php\/2021\/12\/08\/exposicion-steve-mac-curry-icons\/\">Exposici\u00f3n: Steve Mac Curry &#8211; Icons<\/a><\/blockquote><iframe sandbox=\"allow-scripts\" security=\"restricted\" src=\"https:\/\/camaraenmano.org\/index.php\/2021\/12\/08\/exposicion-steve-mac-curry-icons\/embed\/#?secret=BUH5JNTtne\" width=\"600\" height=\"338\" title=\"\u00abExposici\u00f3n: Steve Mac Curry &#8211; Icons\u00bb \u2014 Asociaci\u00f3n fotogr\u00e1fica C\u00e1mara en mano Las Rozas\" data-secret=\"BUH5JNTtne\" frameborder=\"0\" marginwidth=\"0\" marginheight=\"0\" scrolling=\"no\" class=\"wp-embedded-content\"><\/iframe><script>\n\/*! This file is auto-generated *\/\n!function(d,l){\"use strict\";l.querySelector&&d.addEventListener&&\"undefined\"!=typeof URL&&(d.wp=d.wp||{},d.wp.receiveEmbedMessage||(d.wp.receiveEmbedMessage=function(e){var t=e.data;if((t||t.secret||t.message||t.value)&&!\/[^a-zA-Z0-9]\/.test(t.secret)){for(var s,r,n,a=l.querySelectorAll('iframe[data-secret=\"'+t.secret+'\"]'),o=l.querySelectorAll('blockquote[data-secret=\"'+t.secret+'\"]'),c=new RegExp(\"^https?:$\",\"i\"),i=0;i<o.length;i++)o[i].style.display=\"none\";for(i=0;i<a.length;i++)s=a[i],e.source===s.contentWindow&&(s.removeAttribute(\"style\"),\"height\"===t.message?(1e3<(r=parseInt(t.value,10))?r=1e3:~~r<200&&(r=200),s.height=r):\"link\"===t.message&&(r=new URL(s.getAttribute(\"src\")),n=new URL(t.value),c.test(n.protocol))&&n.host===r.host&&l.activeElement===s&&(d.top.location.href=t.value))}},d.addEventListener(\"message\",d.wp.receiveEmbedMessage,!1),l.addEventListener(\"DOMContentLoaded\",function(){for(var e,t,s=l.querySelectorAll(\"iframe.wp-embedded-content\"),r=0;r<s.length;r++)(t=(e=s[r]).getAttribute(\"data-secret\"))||(t=Math.random().toString(36).substring(2,12),e.src+=\"#?secret=\"+t,e.setAttribute(\"data-secret\",t)),e.contentWindow.postMessage({message:\"ready\",secret:t},\"*\")},!1)))}(window,document);\n\/\/# sourceURL=https:\/\/camaraenmano.org\/wp-includes\/js\/wp-embed.min.js\n<\/script>\n","thumbnail_url":"https:\/\/camaraenmano.org\/wp-content\/uploads\/2021\/12\/Exposicion-Steve-McCurry-Icons-COAM-Madrid.jpg","thumbnail_width":493,"thumbnail_height":725,"description":"Interesante exposici\u00f3n que acerca al visitante m\u00e1s de 100 fotograf\u00edas ic\u00f3nicas de\u00a0Steve McCurry, como la \u201cNi\u00f1a Afgana\u201d, Sharbat Gula, quien cautiv\u00f3 al mundo desde la portada de la revista National Geographic en 1985, as\u00ed como una selecci\u00f3n de las im\u00e1genes m\u00e1s impresionantes de sus viajes a Afganist\u00e1n, Pakist\u00e1n, India o China, entre otros muchos pa\u00edses.\u00a0 [&hellip;]"}

Asociación fotográfica Cámara en mano Las Rozas

Exposición: Steve Mac Curry - Icons - Asociación fotográfica Cámara en mano Las Rozas

<blockquote class="wp-embedded-content" data-secret="BUH5JNTtne"><a href="https://camaraenmano.org/index.php/2021/12/08/exposicion-steve-mac-curry-icons/">Exposición: Steve Mac Curry &#8211; Icons</a></blockquote><iframe sandbox="allow-scripts" security="restricted" src="https://camaraenmano.org/index.php/2021/12/08/exposicion-steve-mac-curry-icons/embed/#?secret=BUH5JNTtne" width="600" height="338" title="«Exposición: Steve Mac Curry &#8211; Icons» — Asociación fotográfica Cámara en mano Las Rozas" data-secret="BUH5JNTtne" frameborder="0" marginwidth="0" marginheight="0" scrolling="no" class="wp-embedded-content"></iframe><script>
/*! This file is auto-generated */
!function(d,l){"use strict";l.querySelector&&d.addEventListener&&"undefined"!=typeof URL&&(d.wp=d.wp||{},d.wp.receiveEmbedMessage||(d.wp.receiveEmbedMessage=function(e){var t=e.data;if((t||t.secret||t.message||t.value)&&!/[^a-zA-Z0-9]/.test(t.secret)){for(var s,r,n,a=l.querySelectorAll('iframe[data-secret="'+t.secret+'"]'),o=l.querySelectorAll('blockquote[data-secret="'+t.secret+'"]'),c=new RegExp("^https?:$","i"),i=0;i<o.length;i++)o[i].style.display="none";for(i=0;i<a.length;i++)s=a[i],e.source===s.contentWindow&&(s.removeAttribute("style"),"height"===t.message?(1e3<(r=parseInt(t.value,10))?r=1e3:~~r<200&&(r=200),s.height=r):"link"===t.message&&(r=new URL(s.getAttribute("src")),n=new URL(t.value),c.test(n.protocol))&&n.host===r.host&&l.activeElement===s&&(d.top.location.href=t.value))}},d.addEventListener("message",d.wp.receiveEmbedMessage,!1),l.addEventListener("DOMContentLoaded",function(){for(var e,t,s=l.querySelectorAll("iframe.wp-embedded-content"),r=0;r<s.length;r++)(t=(e=s[r]).getAttribute("data-secret"))||(t=Math.random().toString(36).substring(2,12),e.src+="#?secret="+t,e.setAttribute("data-secret",t)),e.contentWindow.postMessage({message:"ready",secret:t},"*")},!1)))}(window,document);
//# sourceURL=https://camaraenmano.org/wp-includes/js/wp-embed.min.js
</script>

Interesante exposición que acerca al visitante más de 100 fotografías icónicas de Steve McCurry, como la “Niña Afgana”, Sharbat Gula, quien cautivó al mundo desde la portada de la revista National Geographic en 1985, así como una selección de las imágenes más impresionantes de sus viajes a Afganistán, Pakistán, India o China, entre otros muchos países.  [&hellip;]
