{"version":"1.0","provider_name":"Asociaci\u00f3n fotogr\u00e1fica C\u00e1mara en mano Las Rozas","provider_url":"https:\/\/camaraenmano.org","title":"Curso de WordPress para fot\u00f3grafos \u2013 Joan Vendrell - Asociaci\u00f3n fotogr\u00e1fica C\u00e1mara en mano Las Rozas","type":"rich","width":600,"height":338,"html":"<blockquote class=\"wp-embedded-content\" data-secret=\"LqxsTougOg\"><a href=\"https:\/\/camaraenmano.org\/index.php\/2023\/06\/01\/curso-de-wordpress-para-fotografos-joan-vendrell\/\">Curso de WordPress para fot\u00f3grafos \u2013 Joan Vendrell<\/a><\/blockquote><iframe sandbox=\"allow-scripts\" security=\"restricted\" src=\"https:\/\/camaraenmano.org\/index.php\/2023\/06\/01\/curso-de-wordpress-para-fotografos-joan-vendrell\/embed\/#?secret=LqxsTougOg\" width=\"600\" height=\"338\" title=\"\u00abCurso de WordPress para fot\u00f3grafos \u2013 Joan Vendrell\u00bb \u2014 Asociaci\u00f3n fotogr\u00e1fica C\u00e1mara en mano Las Rozas\" data-secret=\"LqxsTougOg\" frameborder=\"0\" marginwidth=\"0\" marginheight=\"0\" scrolling=\"no\" class=\"wp-embedded-content\"><\/iframe><script>\n\/*! This file is auto-generated *\/\n!function(d,l){\"use strict\";l.querySelector&&d.addEventListener&&\"undefined\"!=typeof URL&&(d.wp=d.wp||{},d.wp.receiveEmbedMessage||(d.wp.receiveEmbedMessage=function(e){var t=e.data;if((t||t.secret||t.message||t.value)&&!\/[^a-zA-Z0-9]\/.test(t.secret)){for(var s,r,n,a=l.querySelectorAll('iframe[data-secret=\"'+t.secret+'\"]'),o=l.querySelectorAll('blockquote[data-secret=\"'+t.secret+'\"]'),c=new RegExp(\"^https?:$\",\"i\"),i=0;i<o.length;i++)o[i].style.display=\"none\";for(i=0;i<a.length;i++)s=a[i],e.source===s.contentWindow&&(s.removeAttribute(\"style\"),\"height\"===t.message?(1e3<(r=parseInt(t.value,10))?r=1e3:~~r<200&&(r=200),s.height=r):\"link\"===t.message&&(r=new URL(s.getAttribute(\"src\")),n=new URL(t.value),c.test(n.protocol))&&n.host===r.host&&l.activeElement===s&&(d.top.location.href=t.value))}},d.addEventListener(\"message\",d.wp.receiveEmbedMessage,!1),l.addEventListener(\"DOMContentLoaded\",function(){for(var e,t,s=l.querySelectorAll(\"iframe.wp-embedded-content\"),r=0;r<s.length;r++)(t=(e=s[r]).getAttribute(\"data-secret\"))||(t=Math.random().toString(36).substring(2,12),e.src+=\"#?secret=\"+t,e.setAttribute(\"data-secret\",t)),e.contentWindow.postMessage({message:\"ready\",secret:t},\"*\")},!1)))}(window,document);\n\/\/# sourceURL=https:\/\/camaraenmano.org\/wp-includes\/js\/wp-embed.min.js\n<\/script>\n","thumbnail_url":"https:\/\/camaraenmano.org\/wp-content\/uploads\/2023\/06\/WordPress_blue_logo.svg_.png","thumbnail_width":1200,"thumbnail_height":1200,"description":"Te presentamos un breve curso introductorio de worpress para presentar nuestras fotograf\u00edas impartido por Joan Vendrell, fot\u00f3grafo autodidacta especializado en fotograf\u00eda de viaje pero con una amplia experiencia en otros campos. Esperamos que te sea de utilidad. Este curso dura como unas dos horas y te da unas nociones muy interesantes para ponerte en marcha [&hellip;]"}

Asociación fotográfica Cámara en mano Las Rozas

Curso de WordPress para fotógrafos – Joan Vendrell - Asociación fotográfica Cámara en mano Las Rozas

<blockquote class="wp-embedded-content" data-secret="LqxsTougOg"><a href="https://camaraenmano.org/index.php/2023/06/01/curso-de-wordpress-para-fotografos-joan-vendrell/">Curso de WordPress para fotógrafos – Joan Vendrell</a></blockquote><iframe sandbox="allow-scripts" security="restricted" src="https://camaraenmano.org/index.php/2023/06/01/curso-de-wordpress-para-fotografos-joan-vendrell/embed/#?secret=LqxsTougOg" width="600" height="338" title="«Curso de WordPress para fotógrafos – Joan Vendrell» — Asociación fotográfica Cámara en mano Las Rozas" data-secret="LqxsTougOg" frameborder="0" marginwidth="0" marginheight="0" scrolling="no" class="wp-embedded-content"></iframe><script>
/*! This file is auto-generated */
!function(d,l){"use strict";l.querySelector&&d.addEventListener&&"undefined"!=typeof URL&&(d.wp=d.wp||{},d.wp.receiveEmbedMessage||(d.wp.receiveEmbedMessage=function(e){var t=e.data;if((t||t.secret||t.message||t.value)&&!/[^a-zA-Z0-9]/.test(t.secret)){for(var s,r,n,a=l.querySelectorAll('iframe[data-secret="'+t.secret+'"]'),o=l.querySelectorAll('blockquote[data-secret="'+t.secret+'"]'),c=new RegExp("^https?:$","i"),i=0;i<o.length;i++)o[i].style.display="none";for(i=0;i<a.length;i++)s=a[i],e.source===s.contentWindow&&(s.removeAttribute("style"),"height"===t.message?(1e3<(r=parseInt(t.value,10))?r=1e3:~~r<200&&(r=200),s.height=r):"link"===t.message&&(r=new URL(s.getAttribute("src")),n=new URL(t.value),c.test(n.protocol))&&n.host===r.host&&l.activeElement===s&&(d.top.location.href=t.value))}},d.addEventListener("message",d.wp.receiveEmbedMessage,!1),l.addEventListener("DOMContentLoaded",function(){for(var e,t,s=l.querySelectorAll("iframe.wp-embedded-content"),r=0;r<s.length;r++)(t=(e=s[r]).getAttribute("data-secret"))||(t=Math.random().toString(36).substring(2,12),e.src+="#?secret="+t,e.setAttribute("data-secret",t)),e.contentWindow.postMessage({message:"ready",secret:t},"*")},!1)))}(window,document);
//# sourceURL=https://camaraenmano.org/wp-includes/js/wp-embed.min.js
</script>

Te presentamos un breve curso introductorio de worpress para presentar nuestras fotografías impartido por Joan Vendrell, fotógrafo autodidacta especializado en fotografía de viaje pero con una amplia experiencia en otros campos. Esperamos que te sea de utilidad. Este curso dura como unas dos horas y te da unas nociones muy interesantes para ponerte en marcha [&hellip;]
