{"version":"1.0","provider_name":"Asociaci\u00f3n fotogr\u00e1fica C\u00e1mara en mano Las Rozas","provider_url":"https:\/\/camaraenmano.org","title":"La asociaci\u00f3n cambia de imagen - Asociaci\u00f3n fotogr\u00e1fica C\u00e1mara en mano Las Rozas","type":"rich","width":600,"height":338,"html":"<blockquote class=\"wp-embedded-content\" data-secret=\"jXkBrVczvf\"><a href=\"https:\/\/camaraenmano.org\/index.php\/2023\/10\/26\/la-asociacion-cambia-de-imagen\/\">La asociaci\u00f3n cambia de imagen<\/a><\/blockquote><iframe sandbox=\"allow-scripts\" security=\"restricted\" src=\"https:\/\/camaraenmano.org\/index.php\/2023\/10\/26\/la-asociacion-cambia-de-imagen\/embed\/#?secret=jXkBrVczvf\" width=\"600\" height=\"338\" title=\"\u00abLa asociaci\u00f3n cambia de imagen\u00bb \u2014 Asociaci\u00f3n fotogr\u00e1fica C\u00e1mara en mano Las Rozas\" data-secret=\"jXkBrVczvf\" frameborder=\"0\" marginwidth=\"0\" marginheight=\"0\" scrolling=\"no\" class=\"wp-embedded-content\"><\/iframe><script>\n\/*! This file is auto-generated *\/\n!function(d,l){\"use strict\";l.querySelector&&d.addEventListener&&\"undefined\"!=typeof URL&&(d.wp=d.wp||{},d.wp.receiveEmbedMessage||(d.wp.receiveEmbedMessage=function(e){var t=e.data;if((t||t.secret||t.message||t.value)&&!\/[^a-zA-Z0-9]\/.test(t.secret)){for(var s,r,n,a=l.querySelectorAll('iframe[data-secret=\"'+t.secret+'\"]'),o=l.querySelectorAll('blockquote[data-secret=\"'+t.secret+'\"]'),c=new RegExp(\"^https?:$\",\"i\"),i=0;i<o.length;i++)o[i].style.display=\"none\";for(i=0;i<a.length;i++)s=a[i],e.source===s.contentWindow&&(s.removeAttribute(\"style\"),\"height\"===t.message?(1e3<(r=parseInt(t.value,10))?r=1e3:~~r<200&&(r=200),s.height=r):\"link\"===t.message&&(r=new URL(s.getAttribute(\"src\")),n=new URL(t.value),c.test(n.protocol))&&n.host===r.host&&l.activeElement===s&&(d.top.location.href=t.value))}},d.addEventListener(\"message\",d.wp.receiveEmbedMessage,!1),l.addEventListener(\"DOMContentLoaded\",function(){for(var e,t,s=l.querySelectorAll(\"iframe.wp-embedded-content\"),r=0;r<s.length;r++)(t=(e=s[r]).getAttribute(\"data-secret\"))||(t=Math.random().toString(36).substring(2,12),e.src+=\"#?secret=\"+t,e.setAttribute(\"data-secret\",t)),e.contentWindow.postMessage({message:\"ready\",secret:t},\"*\")},!1)))}(window,document);\n\/\/# sourceURL=https:\/\/camaraenmano.org\/wp-includes\/js\/wp-embed.min.js\n<\/script>\n","thumbnail_url":"https:\/\/camaraenmano.org\/wp-content\/uploads\/2023\/10\/cropped-Logo-Camara-en-Mano-2-1.png","thumbnail_width":3174,"thumbnail_height":2093,"description":"Recientemente la Asociaci\u00f3n ha cambiado su logo y sus colores corporativos. Tras un concurso muy re\u00f1ido en el que participaron numeros@s dise\u00f1ador@s, y tras una votaci\u00f3n en Asamblea, el nuevo logo elegido ha sido el dise\u00f1ado por Juan Luis Lucero Maqueda (alumno de artes gr\u00e1ficas en el colegio Salesianos de Atocha). Tenemos varias versiones del [&hellip;]"}

Asociación fotográfica Cámara en mano Las Rozas

La asociación cambia de imagen - Asociación fotográfica Cámara en mano Las Rozas

<blockquote class="wp-embedded-content" data-secret="jXkBrVczvf"><a href="https://camaraenmano.org/index.php/2023/10/26/la-asociacion-cambia-de-imagen/">La asociación cambia de imagen</a></blockquote><iframe sandbox="allow-scripts" security="restricted" src="https://camaraenmano.org/index.php/2023/10/26/la-asociacion-cambia-de-imagen/embed/#?secret=jXkBrVczvf" width="600" height="338" title="«La asociación cambia de imagen» — Asociación fotográfica Cámara en mano Las Rozas" data-secret="jXkBrVczvf" frameborder="0" marginwidth="0" marginheight="0" scrolling="no" class="wp-embedded-content"></iframe><script>
/*! This file is auto-generated */
!function(d,l){"use strict";l.querySelector&&d.addEventListener&&"undefined"!=typeof URL&&(d.wp=d.wp||{},d.wp.receiveEmbedMessage||(d.wp.receiveEmbedMessage=function(e){var t=e.data;if((t||t.secret||t.message||t.value)&&!/[^a-zA-Z0-9]/.test(t.secret)){for(var s,r,n,a=l.querySelectorAll('iframe[data-secret="'+t.secret+'"]'),o=l.querySelectorAll('blockquote[data-secret="'+t.secret+'"]'),c=new RegExp("^https?:$","i"),i=0;i<o.length;i++)o[i].style.display="none";for(i=0;i<a.length;i++)s=a[i],e.source===s.contentWindow&&(s.removeAttribute("style"),"height"===t.message?(1e3<(r=parseInt(t.value,10))?r=1e3:~~r<200&&(r=200),s.height=r):"link"===t.message&&(r=new URL(s.getAttribute("src")),n=new URL(t.value),c.test(n.protocol))&&n.host===r.host&&l.activeElement===s&&(d.top.location.href=t.value))}},d.addEventListener("message",d.wp.receiveEmbedMessage,!1),l.addEventListener("DOMContentLoaded",function(){for(var e,t,s=l.querySelectorAll("iframe.wp-embedded-content"),r=0;r<s.length;r++)(t=(e=s[r]).getAttribute("data-secret"))||(t=Math.random().toString(36).substring(2,12),e.src+="#?secret="+t,e.setAttribute("data-secret",t)),e.contentWindow.postMessage({message:"ready",secret:t},"*")},!1)))}(window,document);
//# sourceURL=https://camaraenmano.org/wp-includes/js/wp-embed.min.js
</script>

Recientemente la Asociación ha cambiado su logo y sus colores corporativos. Tras un concurso muy reñido en el que participaron numeros@s diseñador@s, y tras una votación en Asamblea, el nuevo logo elegido ha sido el diseñado por Juan Luis Lucero Maqueda (alumno de artes gráficas en el colegio Salesianos de Atocha). Tenemos varias versiones del [&hellip;]
