{"version":"1.0","provider_name":"Asociaci\u00f3n fotogr\u00e1fica C\u00e1mara en mano Las Rozas","provider_url":"https:\/\/camaraenmano.org","title":"Asamblea General 2026 - Asociaci\u00f3n fotogr\u00e1fica C\u00e1mara en mano Las Rozas","type":"rich","width":600,"height":338,"html":"<blockquote class=\"wp-embedded-content\" data-secret=\"coKmaH51ZQ\"><a href=\"https:\/\/camaraenmano.org\/index.php\/2026\/01\/26\/cem-asamblea-2026\/\">Asamblea General 2026<\/a><\/blockquote><iframe sandbox=\"allow-scripts\" security=\"restricted\" src=\"https:\/\/camaraenmano.org\/index.php\/2026\/01\/26\/cem-asamblea-2026\/embed\/#?secret=coKmaH51ZQ\" width=\"600\" height=\"338\" title=\"\u00abAsamblea General 2026\u00bb \u2014 Asociaci\u00f3n fotogr\u00e1fica C\u00e1mara en mano Las Rozas\" data-secret=\"coKmaH51ZQ\" frameborder=\"0\" marginwidth=\"0\" marginheight=\"0\" scrolling=\"no\" class=\"wp-embedded-content\"><\/iframe><script>\n\/*! This file is auto-generated *\/\n!function(d,l){\"use strict\";l.querySelector&&d.addEventListener&&\"undefined\"!=typeof URL&&(d.wp=d.wp||{},d.wp.receiveEmbedMessage||(d.wp.receiveEmbedMessage=function(e){var t=e.data;if((t||t.secret||t.message||t.value)&&!\/[^a-zA-Z0-9]\/.test(t.secret)){for(var s,r,n,a=l.querySelectorAll('iframe[data-secret=\"'+t.secret+'\"]'),o=l.querySelectorAll('blockquote[data-secret=\"'+t.secret+'\"]'),c=new RegExp(\"^https?:$\",\"i\"),i=0;i<o.length;i++)o[i].style.display=\"none\";for(i=0;i<a.length;i++)s=a[i],e.source===s.contentWindow&&(s.removeAttribute(\"style\"),\"height\"===t.message?(1e3<(r=parseInt(t.value,10))?r=1e3:~~r<200&&(r=200),s.height=r):\"link\"===t.message&&(r=new URL(s.getAttribute(\"src\")),n=new URL(t.value),c.test(n.protocol))&&n.host===r.host&&l.activeElement===s&&(d.top.location.href=t.value))}},d.addEventListener(\"message\",d.wp.receiveEmbedMessage,!1),l.addEventListener(\"DOMContentLoaded\",function(){for(var e,t,s=l.querySelectorAll(\"iframe.wp-embedded-content\"),r=0;r<s.length;r++)(t=(e=s[r]).getAttribute(\"data-secret\"))||(t=Math.random().toString(36).substring(2,12),e.src+=\"#?secret=\"+t,e.setAttribute(\"data-secret\",t)),e.contentWindow.postMessage({message:\"ready\",secret:t},\"*\")},!1)))}(window,document);\n\/\/# sourceURL=https:\/\/camaraenmano.org\/wp-includes\/js\/wp-embed.min.js\n<\/script>\n","thumbnail_url":"https:\/\/camaraenmano.org\/wp-content\/uploads\/2026\/01\/CEM-Junta-2026-gen-03-edited-2.jpeg","thumbnail_width":2040,"thumbnail_height":1148,"description":"Celebramos nuestra Asamblea General 2026:\u00a0Balance, memoria y nuevos proyectos en marcha El pasado 23 de enero de 2026, en la Asociaci\u00f3n Fotogr\u00e1fica C\u00e1mara en Mano (CEM), celebramos nuestra Asamblea anual, un encuentro imprescindible para revisar el trabajo realizado durante 2025, compartir el estado de la asociaci\u00f3n y poner sobre la mesa los proyectos que marcar\u00e1n [&hellip;]"}

Asociación fotográfica Cámara en mano Las Rozas

Asamblea General 2026 - Asociación fotográfica Cámara en mano Las Rozas

<blockquote class="wp-embedded-content" data-secret="coKmaH51ZQ"><a href="https://camaraenmano.org/index.php/2026/01/26/cem-asamblea-2026/">Asamblea General 2026</a></blockquote><iframe sandbox="allow-scripts" security="restricted" src="https://camaraenmano.org/index.php/2026/01/26/cem-asamblea-2026/embed/#?secret=coKmaH51ZQ" width="600" height="338" title="«Asamblea General 2026» — Asociación fotográfica Cámara en mano Las Rozas" data-secret="coKmaH51ZQ" frameborder="0" marginwidth="0" marginheight="0" scrolling="no" class="wp-embedded-content"></iframe><script>
/*! This file is auto-generated */
!function(d,l){"use strict";l.querySelector&&d.addEventListener&&"undefined"!=typeof URL&&(d.wp=d.wp||{},d.wp.receiveEmbedMessage||(d.wp.receiveEmbedMessage=function(e){var t=e.data;if((t||t.secret||t.message||t.value)&&!/[^a-zA-Z0-9]/.test(t.secret)){for(var s,r,n,a=l.querySelectorAll('iframe[data-secret="'+t.secret+'"]'),o=l.querySelectorAll('blockquote[data-secret="'+t.secret+'"]'),c=new RegExp("^https?:$","i"),i=0;i<o.length;i++)o[i].style.display="none";for(i=0;i<a.length;i++)s=a[i],e.source===s.contentWindow&&(s.removeAttribute("style"),"height"===t.message?(1e3<(r=parseInt(t.value,10))?r=1e3:~~r<200&&(r=200),s.height=r):"link"===t.message&&(r=new URL(s.getAttribute("src")),n=new URL(t.value),c.test(n.protocol))&&n.host===r.host&&l.activeElement===s&&(d.top.location.href=t.value))}},d.addEventListener("message",d.wp.receiveEmbedMessage,!1),l.addEventListener("DOMContentLoaded",function(){for(var e,t,s=l.querySelectorAll("iframe.wp-embedded-content"),r=0;r<s.length;r++)(t=(e=s[r]).getAttribute("data-secret"))||(t=Math.random().toString(36).substring(2,12),e.src+="#?secret="+t,e.setAttribute("data-secret",t)),e.contentWindow.postMessage({message:"ready",secret:t},"*")},!1)))}(window,document);
//# sourceURL=https://camaraenmano.org/wp-includes/js/wp-embed.min.js
</script>

Celebramos nuestra Asamblea General 2026: Balance, memoria y nuevos proyectos en marcha El pasado 23 de enero de 2026, en la Asociación Fotográfica Cámara en Mano (CEM), celebramos nuestra Asamblea anual, un encuentro imprescindible para revisar el trabajo realizado durante 2025, compartir el estado de la asociación y poner sobre la mesa los proyectos que marcarán [&hellip;]
