{"id":3565,"date":"2024-01-21T19:25:59","date_gmt":"2024-01-21T18:25:59","guid":{"rendered":"https:\/\/camaraenmano.org\/?page_id=3565"},"modified":"2026-01-26T18:26:45","modified_gmt":"2026-01-26T17:26:45","slug":"documentos-y-asambleas","status":"publish","type":"page","link":"https:\/\/camaraenmano.org\/index.php\/documentos-y-asambleas\/","title":{"rendered":"Documentos y Asambleas"},"content":{"rendered":"<p>En esta p\u00e1gina encontrar\u00e1s los documentos que hemos generado, desde los estatutos a las memorias anuales que hemos publicado. Tambi\u00e9n presentamos los documentos res\u00famenes de las distintas Asambleas generales que se han realizado a lo largo de los a\u00f1os y los estados de cuentas de la Asociaci\u00f3n que se presentan por transparencia en nuestro funcionamiento.<\/p>\n<p><strong>Documentos fundacionales:<\/strong><\/p>\n<ul>\n<li><a href=\"https:\/\/camaraenmano.org\/wp-content\/uploads\/2021\/12\/Estatutos-Camaraenmano.pdf\">Estatutos<\/a>.<\/li>\n<li>Acta fundacional<\/li>\n<\/ul>\n<p><strong>Asambleas Generales:<\/strong><\/p>\n<ul>\n<li>Asamblea 2023<\/li>\n<li><a href=\"https:\/\/camaraenmano.org\/wp-content\/uploads\/2024\/01\/Asamblea_2024.pdf\">Asamblea 2024<\/a><\/li>\n<li><a href=\"https:\/\/camaraenmano.org\/wp-content\/uploads\/2025\/01\/PPT-Asamblea-24012025.pdf\">Asamblea 2025<\/a><\/li>\n<li><a href=\"https:\/\/camaraenmano.org\/wp-content\/uploads\/2026\/01\/Asamblea-Enero-2026.pdf\" target=\"_blank\" rel=\"noopener\">Asamblea 2026<\/a><\/li>\n<\/ul>\n<p><strong>Memorias de actividades<\/strong><\/p>\n<ul>\n<li><a href=\"https:\/\/camaraenmano.org\/wp-content\/uploads\/2023\/02\/Memoria-actividades-2022.pdf\">Memoria 2022<\/a><\/li>\n<li><a href=\"https:\/\/camaraenmano.org\/wp-content\/uploads\/2024\/01\/Memoria-actividades-2023.pdf\">Memoria 2023<\/a><\/li>\n<li><a href=\"https:\/\/camaraenmano.org\/wp-content\/uploads\/2025\/01\/Memoria-actividades-2024.pdf\">Memoria 2024<\/a><\/li>\n<li><a href=\"https:\/\/camaraenmano.org\/wp-content\/uploads\/2026\/01\/Memoria-actividades-2025.pdf\">Memoria 2025<\/a><\/li>\n<\/ul>\n","protected":false},"excerpt":{"rendered":"<p>En esta p\u00e1gina encontrar\u00e1s los documentos que hemos generado, desde los estatutos a las memorias anuales que hemos publicado. Tambi\u00e9n presentamos los documentos res\u00famenes de las distintas Asambleas generales que se han realizado a lo largo de los a\u00f1os y los estados de cuentas de la Asociaci\u00f3n que se presentan por transparencia en nuestro funcionamiento. [&hellip;]<\/p>\n","protected":false},"author":1,"featured_media":0,"parent":0,"menu_order":0,"comment_status":"closed","ping_status":"closed","template":"","meta":{"footnotes":""},"class_list":["post-3565","page","type-page","status-publish","czr-hentry"],"yoast_head":"<!-- This site is optimized with the Yoast SEO plugin v27.4 - https:\/\/yoast.com\/product\/yoast-seo-wordpress\/ -->\n<title>Documentos y Asambleas - Asociaci\u00f3n fotogr\u00e1fica C\u00e1mara en mano Las Rozas<\/title>\n<meta name=\"robots\" content=\"index, follow, max-snippet:-1, max-image-preview:large, max-video-preview:-1\" \/>\n<link rel=\"canonical\" href=\"https:\/\/camaraenmano.org\/index.php\/documentos-y-asambleas\/\" \/>\n<meta property=\"og:locale\" content=\"es_ES\" \/>\n<meta property=\"og:type\" content=\"article\" \/>\n<meta property=\"og:title\" content=\"Documentos y Asambleas - Asociaci\u00f3n fotogr\u00e1fica C\u00e1mara en mano Las Rozas\" \/>\n<meta property=\"og:description\" content=\"En esta p\u00e1gina encontrar\u00e1s los documentos que hemos generado, desde los estatutos a las memorias anuales que hemos publicado. Tambi\u00e9n presentamos los documentos res\u00famenes de las distintas Asambleas generales que se han realizado a lo largo de los a\u00f1os y los estados de cuentas de la Asociaci\u00f3n que se presentan por transparencia en nuestro funcionamiento. [&hellip;]\" \/>\n<meta property=\"og:url\" content=\"https:\/\/camaraenmano.org\/index.php\/documentos-y-asambleas\/\" \/>\n<meta property=\"og:site_name\" content=\"Asociaci\u00f3n fotogr\u00e1fica C\u00e1mara en mano Las Rozas\" \/>\n<meta property=\"article:publisher\" content=\"https:\/\/www.facebook.com\/AFCamaraenmano\/\" \/>\n<meta property=\"article:modified_time\" content=\"2026-01-26T17:26:45+00:00\" \/>\n<meta name=\"twitter:card\" content=\"summary_large_image\" \/>\n<meta name=\"twitter:label1\" content=\"Tiempo de lectura\" \/>\n\t<meta name=\"twitter:data1\" content=\"1 minuto\" \/>\n<script type=\"application\/ld+json\" class=\"yoast-schema-graph\">{\"@context\":\"https:\\\/\\\/schema.org\",\"@graph\":[{\"@type\":\"WebPage\",\"@id\":\"https:\\\/\\\/camaraenmano.org\\\/index.php\\\/documentos-y-asambleas\\\/\",\"url\":\"https:\\\/\\\/camaraenmano.org\\\/index.php\\\/documentos-y-asambleas\\\/\",\"name\":\"Documentos y Asambleas - Asociaci\u00f3n fotogr\u00e1fica C\u00e1mara en mano Las Rozas\",\"isPartOf\":{\"@id\":\"https:\\\/\\\/camaraenmano.org\\\/#website\"},\"datePublished\":\"2024-01-21T18:25:59+00:00\",\"dateModified\":\"2026-01-26T17:26:45+00:00\",\"breadcrumb\":{\"@id\":\"https:\\\/\\\/camaraenmano.org\\\/index.php\\\/documentos-y-asambleas\\\/#breadcrumb\"},\"inLanguage\":\"es\",\"potentialAction\":[{\"@type\":\"ReadAction\",\"target\":[\"https:\\\/\\\/camaraenmano.org\\\/index.php\\\/documentos-y-asambleas\\\/\"]}]},{\"@type\":\"BreadcrumbList\",\"@id\":\"https:\\\/\\\/camaraenmano.org\\\/index.php\\\/documentos-y-asambleas\\\/#breadcrumb\",\"itemListElement\":[{\"@type\":\"ListItem\",\"position\":1,\"name\":\"Portada\",\"item\":\"https:\\\/\\\/camaraenmano.org\\\/\"},{\"@type\":\"ListItem\",\"position\":2,\"name\":\"Documentos y Asambleas\"}]},{\"@type\":\"WebSite\",\"@id\":\"https:\\\/\\\/camaraenmano.org\\\/#website\",\"url\":\"https:\\\/\\\/camaraenmano.org\\\/\",\"name\":\"Asociaci\u00f3n fotogr\u00e1fica C\u00e1mara en mano Las Rozas\",\"description\":\"\",\"publisher\":{\"@id\":\"https:\\\/\\\/camaraenmano.org\\\/#organization\"},\"potentialAction\":[{\"@type\":\"SearchAction\",\"target\":{\"@type\":\"EntryPoint\",\"urlTemplate\":\"https:\\\/\\\/camaraenmano.org\\\/?s={search_term_string}\"},\"query-input\":{\"@type\":\"PropertyValueSpecification\",\"valueRequired\":true,\"valueName\":\"search_term_string\"}}],\"inLanguage\":\"es\"},{\"@type\":\"Organization\",\"@id\":\"https:\\\/\\\/camaraenmano.org\\\/#organization\",\"name\":\"C\u00e1mara en mano\",\"url\":\"https:\\\/\\\/camaraenmano.org\\\/\",\"logo\":{\"@type\":\"ImageObject\",\"inLanguage\":\"es\",\"@id\":\"https:\\\/\\\/camaraenmano.org\\\/#\\\/schema\\\/logo\\\/image\\\/\",\"url\":\"https:\\\/\\\/camaraenmano.org\\\/wp-content\\\/uploads\\\/2023\\\/10\\\/cropped-Logo-Camara-en-Mano-2-1.png\",\"contentUrl\":\"https:\\\/\\\/camaraenmano.org\\\/wp-content\\\/uploads\\\/2023\\\/10\\\/cropped-Logo-Camara-en-Mano-2-1.png\",\"width\":3174,\"height\":2093,\"caption\":\"C\u00e1mara en mano\"},\"image\":{\"@id\":\"https:\\\/\\\/camaraenmano.org\\\/#\\\/schema\\\/logo\\\/image\\\/\"},\"sameAs\":[\"https:\\\/\\\/www.facebook.com\\\/AFCamaraenmano\\\/\",\"https:\\\/\\\/www.instagram.com\\\/afcamaraenmano\\\/\"]}]}<\/script>\n<!-- \/ Yoast SEO plugin. -->","yoast_head_json":{"title":"Documentos y Asambleas - Asociaci\u00f3n fotogr\u00e1fica C\u00e1mara en mano Las Rozas","robots":{"index":"index","follow":"follow","max-snippet":"max-snippet:-1","max-image-preview":"max-image-preview:large","max-video-preview":"max-video-preview:-1"},"canonical":"https:\/\/camaraenmano.org\/index.php\/documentos-y-asambleas\/","og_locale":"es_ES","og_type":"article","og_title":"Documentos y Asambleas - Asociaci\u00f3n fotogr\u00e1fica C\u00e1mara en mano Las Rozas","og_description":"En esta p\u00e1gina encontrar\u00e1s los documentos que hemos generado, desde los estatutos a las memorias anuales que hemos publicado. Tambi\u00e9n presentamos los documentos res\u00famenes de las distintas Asambleas generales que se han realizado a lo largo de los a\u00f1os y los estados de cuentas de la Asociaci\u00f3n que se presentan por transparencia en nuestro funcionamiento. [&hellip;]","og_url":"https:\/\/camaraenmano.org\/index.php\/documentos-y-asambleas\/","og_site_name":"Asociaci\u00f3n fotogr\u00e1fica C\u00e1mara en mano Las Rozas","article_publisher":"https:\/\/www.facebook.com\/AFCamaraenmano\/","article_modified_time":"2026-01-26T17:26:45+00:00","twitter_card":"summary_large_image","twitter_misc":{"Tiempo de lectura":"1 minuto"},"schema":{"@context":"https:\/\/schema.org","@graph":[{"@type":"WebPage","@id":"https:\/\/camaraenmano.org\/index.php\/documentos-y-asambleas\/","url":"https:\/\/camaraenmano.org\/index.php\/documentos-y-asambleas\/","name":"Documentos y Asambleas - Asociaci\u00f3n fotogr\u00e1fica C\u00e1mara en mano Las Rozas","isPartOf":{"@id":"https:\/\/camaraenmano.org\/#website"},"datePublished":"2024-01-21T18:25:59+00:00","dateModified":"2026-01-26T17:26:45+00:00","breadcrumb":{"@id":"https:\/\/camaraenmano.org\/index.php\/documentos-y-asambleas\/#breadcrumb"},"inLanguage":"es","potentialAction":[{"@type":"ReadAction","target":["https:\/\/camaraenmano.org\/index.php\/documentos-y-asambleas\/"]}]},{"@type":"BreadcrumbList","@id":"https:\/\/camaraenmano.org\/index.php\/documentos-y-asambleas\/#breadcrumb","itemListElement":[{"@type":"ListItem","position":1,"name":"Portada","item":"https:\/\/camaraenmano.org\/"},{"@type":"ListItem","position":2,"name":"Documentos y Asambleas"}]},{"@type":"WebSite","@id":"https:\/\/camaraenmano.org\/#website","url":"https:\/\/camaraenmano.org\/","name":"Asociaci\u00f3n fotogr\u00e1fica C\u00e1mara en mano Las Rozas","description":"","publisher":{"@id":"https:\/\/camaraenmano.org\/#organization"},"potentialAction":[{"@type":"SearchAction","target":{"@type":"EntryPoint","urlTemplate":"https:\/\/camaraenmano.org\/?s={search_term_string}"},"query-input":{"@type":"PropertyValueSpecification","valueRequired":true,"valueName":"search_term_string"}}],"inLanguage":"es"},{"@type":"Organization","@id":"https:\/\/camaraenmano.org\/#organization","name":"C\u00e1mara en mano","url":"https:\/\/camaraenmano.org\/","logo":{"@type":"ImageObject","inLanguage":"es","@id":"https:\/\/camaraenmano.org\/#\/schema\/logo\/image\/","url":"https:\/\/camaraenmano.org\/wp-content\/uploads\/2023\/10\/cropped-Logo-Camara-en-Mano-2-1.png","contentUrl":"https:\/\/camaraenmano.org\/wp-content\/uploads\/2023\/10\/cropped-Logo-Camara-en-Mano-2-1.png","width":3174,"height":2093,"caption":"C\u00e1mara en mano"},"image":{"@id":"https:\/\/camaraenmano.org\/#\/schema\/logo\/image\/"},"sameAs":["https:\/\/www.facebook.com\/AFCamaraenmano\/","https:\/\/www.instagram.com\/afcamaraenmano\/"]}]}},"_links":{"self":[{"href":"https:\/\/camaraenmano.org\/index.php\/wp-json\/wp\/v2\/pages\/3565","targetHints":{"allow":["GET"]}}],"collection":[{"href":"https:\/\/camaraenmano.org\/index.php\/wp-json\/wp\/v2\/pages"}],"about":[{"href":"https:\/\/camaraenmano.org\/index.php\/wp-json\/wp\/v2\/types\/page"}],"author":[{"embeddable":true,"href":"https:\/\/camaraenmano.org\/index.php\/wp-json\/wp\/v2\/users\/1"}],"replies":[{"embeddable":true,"href":"https:\/\/camaraenmano.org\/index.php\/wp-json\/wp\/v2\/comments?post=3565"}],"version-history":[{"count":8,"href":"https:\/\/camaraenmano.org\/index.php\/wp-json\/wp\/v2\/pages\/3565\/revisions"}],"predecessor-version":[{"id":6315,"href":"https:\/\/camaraenmano.org\/index.php\/wp-json\/wp\/v2\/pages\/3565\/revisions\/6315"}],"wp:attachment":[{"href":"https:\/\/camaraenmano.org\/index.php\/wp-json\/wp\/v2\/media?parent=3565"}],"curies":[{"name":"wp","href":"https:\/\/api.w.org\/{rel}","templated":true}]}}