{"id":6589,"date":"2026-03-12T09:34:21","date_gmt":"2026-03-12T08:34:21","guid":{"rendered":"https:\/\/camaraenmano.org\/?page_id=6589"},"modified":"2026-04-06T12:54:01","modified_gmt":"2026-04-06T10:54:01","slug":"actas-de-las-reuniones-de-la-junta-directiva","status":"publish","type":"page","link":"https:\/\/camaraenmano.org\/index.php\/actas-de-las-reuniones-de-la-junta-directiva\/","title":{"rendered":"Actas de las reuniones de la Junta Directiva"},"content":{"rendered":"<p style=\"text-align: justify;\">La Junta Directiva de <em>C\u00e1mara en mano<\/em> mantiene reuniones mensuales durante todo el a\u00f1o, excepto en verano. En estas reuniones se comentan las actividades futuras y se plantean todos los asuntos del d\u00eda a d\u00eda de la Asociaci\u00f3n. En la reuni\u00f3n de la junta del mes de febrero (2026) se aprob\u00f3 publicar estas actas para general conocimiento siempre que no se vulnerase la Ley de Protecci\u00f3n de Datos.<\/p>\n<p style=\"text-align: justify;\">Aqu\u00ed encontrar\u00e1s las actas de las reuniones de la Junta Directiva en la que se recogen los temas tratados y los acuerdos tomados, aunque hay que se\u00f1alar que algunas decisiones concretas pueden cambiarse en otra reuni\u00f3n o por necesidades de coordinaci\u00f3n externa con el Ayuntamiento u otras situaciones, por ejemplo las fechas:<\/p>\n<p><strong>2026<\/strong><\/p>\n<ul>\n<li><a href=\"https:\/\/camaraenmano.org\/wp-content\/uploads\/2026\/03\/JD2-2026.02.25.pdf\">Febrero<\/a><\/li>\n<li><a href=\"https:\/\/camaraenmano.org\/wp-content\/uploads\/2026\/04\/JD3-2026.3.25.pdf\">Marzo<\/a><\/li>\n<\/ul>\n","protected":false},"excerpt":{"rendered":"<p>La Junta Directiva de C\u00e1mara en mano mantiene reuniones mensuales durante todo el a\u00f1o, excepto en verano. En estas reuniones se comentan las actividades futuras y se plantean todos los asuntos del d\u00eda a d\u00eda de la Asociaci\u00f3n. En la reuni\u00f3n de la junta del mes de febrero (2026) se aprob\u00f3 publicar estas actas para [&hellip;]<\/p>\n","protected":false},"author":1,"featured_media":0,"parent":0,"menu_order":0,"comment_status":"closed","ping_status":"closed","template":"","meta":{"footnotes":""},"class_list":["post-6589","page","type-page","status-publish","czr-hentry"],"yoast_head":"<!-- This site is optimized with the Yoast SEO plugin v27.4 - https:\/\/yoast.com\/product\/yoast-seo-wordpress\/ -->\n<title>Actas de las reuniones de la Junta Directiva - Asociaci\u00f3n fotogr\u00e1fica C\u00e1mara en mano Las Rozas<\/title>\n<meta name=\"robots\" content=\"index, follow, max-snippet:-1, max-image-preview:large, max-video-preview:-1\" \/>\n<link rel=\"canonical\" href=\"https:\/\/camaraenmano.org\/index.php\/actas-de-las-reuniones-de-la-junta-directiva\/\" \/>\n<meta property=\"og:locale\" content=\"es_ES\" \/>\n<meta property=\"og:type\" content=\"article\" \/>\n<meta property=\"og:title\" content=\"Actas de las reuniones de la Junta Directiva - Asociaci\u00f3n fotogr\u00e1fica C\u00e1mara en mano Las Rozas\" \/>\n<meta property=\"og:description\" content=\"La Junta Directiva de C\u00e1mara en mano mantiene reuniones mensuales durante todo el a\u00f1o, excepto en verano. En estas reuniones se comentan las actividades futuras y se plantean todos los asuntos del d\u00eda a d\u00eda de la Asociaci\u00f3n. En la reuni\u00f3n de la junta del mes de febrero (2026) se aprob\u00f3 publicar estas actas para [&hellip;]\" \/>\n<meta property=\"og:url\" content=\"https:\/\/camaraenmano.org\/index.php\/actas-de-las-reuniones-de-la-junta-directiva\/\" \/>\n<meta property=\"og:site_name\" content=\"Asociaci\u00f3n fotogr\u00e1fica C\u00e1mara en mano Las Rozas\" \/>\n<meta property=\"article:publisher\" content=\"https:\/\/www.facebook.com\/AFCamaraenmano\/\" \/>\n<meta property=\"article:modified_time\" content=\"2026-04-06T10:54:01+00:00\" \/>\n<meta name=\"twitter:card\" content=\"summary_large_image\" \/>\n<meta name=\"twitter:label1\" content=\"Tiempo de lectura\" \/>\n\t<meta name=\"twitter:data1\" content=\"1 minuto\" \/>\n<script type=\"application\/ld+json\" class=\"yoast-schema-graph\">{\"@context\":\"https:\\\/\\\/schema.org\",\"@graph\":[{\"@type\":\"WebPage\",\"@id\":\"https:\\\/\\\/camaraenmano.org\\\/index.php\\\/actas-de-las-reuniones-de-la-junta-directiva\\\/\",\"url\":\"https:\\\/\\\/camaraenmano.org\\\/index.php\\\/actas-de-las-reuniones-de-la-junta-directiva\\\/\",\"name\":\"Actas de las reuniones de la Junta Directiva - Asociaci\u00f3n fotogr\u00e1fica C\u00e1mara en mano Las Rozas\",\"isPartOf\":{\"@id\":\"https:\\\/\\\/camaraenmano.org\\\/#website\"},\"datePublished\":\"2026-03-12T08:34:21+00:00\",\"dateModified\":\"2026-04-06T10:54:01+00:00\",\"breadcrumb\":{\"@id\":\"https:\\\/\\\/camaraenmano.org\\\/index.php\\\/actas-de-las-reuniones-de-la-junta-directiva\\\/#breadcrumb\"},\"inLanguage\":\"es\",\"potentialAction\":[{\"@type\":\"ReadAction\",\"target\":[\"https:\\\/\\\/camaraenmano.org\\\/index.php\\\/actas-de-las-reuniones-de-la-junta-directiva\\\/\"]}]},{\"@type\":\"BreadcrumbList\",\"@id\":\"https:\\\/\\\/camaraenmano.org\\\/index.php\\\/actas-de-las-reuniones-de-la-junta-directiva\\\/#breadcrumb\",\"itemListElement\":[{\"@type\":\"ListItem\",\"position\":1,\"name\":\"Portada\",\"item\":\"https:\\\/\\\/camaraenmano.org\\\/\"},{\"@type\":\"ListItem\",\"position\":2,\"name\":\"Actas de las reuniones de la Junta Directiva\"}]},{\"@type\":\"WebSite\",\"@id\":\"https:\\\/\\\/camaraenmano.org\\\/#website\",\"url\":\"https:\\\/\\\/camaraenmano.org\\\/\",\"name\":\"Asociaci\u00f3n fotogr\u00e1fica C\u00e1mara en mano Las Rozas\",\"description\":\"\",\"publisher\":{\"@id\":\"https:\\\/\\\/camaraenmano.org\\\/#organization\"},\"potentialAction\":[{\"@type\":\"SearchAction\",\"target\":{\"@type\":\"EntryPoint\",\"urlTemplate\":\"https:\\\/\\\/camaraenmano.org\\\/?s={search_term_string}\"},\"query-input\":{\"@type\":\"PropertyValueSpecification\",\"valueRequired\":true,\"valueName\":\"search_term_string\"}}],\"inLanguage\":\"es\"},{\"@type\":\"Organization\",\"@id\":\"https:\\\/\\\/camaraenmano.org\\\/#organization\",\"name\":\"C\u00e1mara en mano\",\"url\":\"https:\\\/\\\/camaraenmano.org\\\/\",\"logo\":{\"@type\":\"ImageObject\",\"inLanguage\":\"es\",\"@id\":\"https:\\\/\\\/camaraenmano.org\\\/#\\\/schema\\\/logo\\\/image\\\/\",\"url\":\"https:\\\/\\\/camaraenmano.org\\\/wp-content\\\/uploads\\\/2023\\\/10\\\/cropped-Logo-Camara-en-Mano-2-1.png\",\"contentUrl\":\"https:\\\/\\\/camaraenmano.org\\\/wp-content\\\/uploads\\\/2023\\\/10\\\/cropped-Logo-Camara-en-Mano-2-1.png\",\"width\":3174,\"height\":2093,\"caption\":\"C\u00e1mara en mano\"},\"image\":{\"@id\":\"https:\\\/\\\/camaraenmano.org\\\/#\\\/schema\\\/logo\\\/image\\\/\"},\"sameAs\":[\"https:\\\/\\\/www.facebook.com\\\/AFCamaraenmano\\\/\",\"https:\\\/\\\/www.instagram.com\\\/afcamaraenmano\\\/\"]}]}<\/script>\n<!-- \/ Yoast SEO plugin. -->","yoast_head_json":{"title":"Actas de las reuniones de la Junta Directiva - Asociaci\u00f3n fotogr\u00e1fica C\u00e1mara en mano Las Rozas","robots":{"index":"index","follow":"follow","max-snippet":"max-snippet:-1","max-image-preview":"max-image-preview:large","max-video-preview":"max-video-preview:-1"},"canonical":"https:\/\/camaraenmano.org\/index.php\/actas-de-las-reuniones-de-la-junta-directiva\/","og_locale":"es_ES","og_type":"article","og_title":"Actas de las reuniones de la Junta Directiva - Asociaci\u00f3n fotogr\u00e1fica C\u00e1mara en mano Las Rozas","og_description":"La Junta Directiva de C\u00e1mara en mano mantiene reuniones mensuales durante todo el a\u00f1o, excepto en verano. En estas reuniones se comentan las actividades futuras y se plantean todos los asuntos del d\u00eda a d\u00eda de la Asociaci\u00f3n. En la reuni\u00f3n de la junta del mes de febrero (2026) se aprob\u00f3 publicar estas actas para [&hellip;]","og_url":"https:\/\/camaraenmano.org\/index.php\/actas-de-las-reuniones-de-la-junta-directiva\/","og_site_name":"Asociaci\u00f3n fotogr\u00e1fica C\u00e1mara en mano Las Rozas","article_publisher":"https:\/\/www.facebook.com\/AFCamaraenmano\/","article_modified_time":"2026-04-06T10:54:01+00:00","twitter_card":"summary_large_image","twitter_misc":{"Tiempo de lectura":"1 minuto"},"schema":{"@context":"https:\/\/schema.org","@graph":[{"@type":"WebPage","@id":"https:\/\/camaraenmano.org\/index.php\/actas-de-las-reuniones-de-la-junta-directiva\/","url":"https:\/\/camaraenmano.org\/index.php\/actas-de-las-reuniones-de-la-junta-directiva\/","name":"Actas de las reuniones de la Junta Directiva - Asociaci\u00f3n fotogr\u00e1fica C\u00e1mara en mano Las Rozas","isPartOf":{"@id":"https:\/\/camaraenmano.org\/#website"},"datePublished":"2026-03-12T08:34:21+00:00","dateModified":"2026-04-06T10:54:01+00:00","breadcrumb":{"@id":"https:\/\/camaraenmano.org\/index.php\/actas-de-las-reuniones-de-la-junta-directiva\/#breadcrumb"},"inLanguage":"es","potentialAction":[{"@type":"ReadAction","target":["https:\/\/camaraenmano.org\/index.php\/actas-de-las-reuniones-de-la-junta-directiva\/"]}]},{"@type":"BreadcrumbList","@id":"https:\/\/camaraenmano.org\/index.php\/actas-de-las-reuniones-de-la-junta-directiva\/#breadcrumb","itemListElement":[{"@type":"ListItem","position":1,"name":"Portada","item":"https:\/\/camaraenmano.org\/"},{"@type":"ListItem","position":2,"name":"Actas de las reuniones de la Junta Directiva"}]},{"@type":"WebSite","@id":"https:\/\/camaraenmano.org\/#website","url":"https:\/\/camaraenmano.org\/","name":"Asociaci\u00f3n fotogr\u00e1fica C\u00e1mara en mano Las Rozas","description":"","publisher":{"@id":"https:\/\/camaraenmano.org\/#organization"},"potentialAction":[{"@type":"SearchAction","target":{"@type":"EntryPoint","urlTemplate":"https:\/\/camaraenmano.org\/?s={search_term_string}"},"query-input":{"@type":"PropertyValueSpecification","valueRequired":true,"valueName":"search_term_string"}}],"inLanguage":"es"},{"@type":"Organization","@id":"https:\/\/camaraenmano.org\/#organization","name":"C\u00e1mara en mano","url":"https:\/\/camaraenmano.org\/","logo":{"@type":"ImageObject","inLanguage":"es","@id":"https:\/\/camaraenmano.org\/#\/schema\/logo\/image\/","url":"https:\/\/camaraenmano.org\/wp-content\/uploads\/2023\/10\/cropped-Logo-Camara-en-Mano-2-1.png","contentUrl":"https:\/\/camaraenmano.org\/wp-content\/uploads\/2023\/10\/cropped-Logo-Camara-en-Mano-2-1.png","width":3174,"height":2093,"caption":"C\u00e1mara en mano"},"image":{"@id":"https:\/\/camaraenmano.org\/#\/schema\/logo\/image\/"},"sameAs":["https:\/\/www.facebook.com\/AFCamaraenmano\/","https:\/\/www.instagram.com\/afcamaraenmano\/"]}]}},"_links":{"self":[{"href":"https:\/\/camaraenmano.org\/index.php\/wp-json\/wp\/v2\/pages\/6589","targetHints":{"allow":["GET"]}}],"collection":[{"href":"https:\/\/camaraenmano.org\/index.php\/wp-json\/wp\/v2\/pages"}],"about":[{"href":"https:\/\/camaraenmano.org\/index.php\/wp-json\/wp\/v2\/types\/page"}],"author":[{"embeddable":true,"href":"https:\/\/camaraenmano.org\/index.php\/wp-json\/wp\/v2\/users\/1"}],"replies":[{"embeddable":true,"href":"https:\/\/camaraenmano.org\/index.php\/wp-json\/wp\/v2\/comments?post=6589"}],"version-history":[{"count":6,"href":"https:\/\/camaraenmano.org\/index.php\/wp-json\/wp\/v2\/pages\/6589\/revisions"}],"predecessor-version":[{"id":6630,"href":"https:\/\/camaraenmano.org\/index.php\/wp-json\/wp\/v2\/pages\/6589\/revisions\/6630"}],"wp:attachment":[{"href":"https:\/\/camaraenmano.org\/index.php\/wp-json\/wp\/v2\/media?parent=6589"}],"curies":[{"name":"wp","href":"https:\/\/api.w.org\/{rel}","templated":true}]}}

<p style="text-align: justify;">La Junta Directiva de <em>Cámara en mano</em> mantiene reuniones mensuales durante todo el año, excepto en verano. En estas reuniones se comentan las actividades futuras y se plantean todos los asuntos del día a día de la Asociación. En la reunión de la junta del mes de febrero (2026) se aprobó publicar estas actas para general conocimiento siempre que no se vulnerase la Ley de Protección de Datos.</p>
<p style="text-align: justify;">Aquí encontrarás las actas de las reuniones de la Junta Directiva en la que se recogen los temas tratados y los acuerdos tomados, aunque hay que señalar que algunas decisiones concretas pueden cambiarse en otra reunión o por necesidades de coordinación externa con el Ayuntamiento u otras situaciones, por ejemplo las fechas:</p>
<p><strong>2026</strong></p>
<ul>
<li><a href="https://camaraenmano.org/wp-content/uploads/2026/03/JD2-2026.02.25.pdf">Febrero</a></li>
<li><a href="https://camaraenmano.org/wp-content/uploads/2026/04/JD3-2026.3.25.pdf">Marzo</a></li>
</ul>

<p>La Junta Directiva de Cámara en mano mantiene reuniones mensuales durante todo el año, excepto en verano. En estas reuniones se comentan las actividades futuras y se plantean todos los asuntos del día a día de la Asociación. En la reunión de la junta del mes de febrero (2026) se aprobó publicar estas actas para [&hellip;]</p>

<!-- This site is optimized with the Yoast SEO plugin v27.4 - https://yoast.com/product/yoast-seo-wordpress/ -->
<title>Actas de las reuniones de la Junta Directiva - Asociación fotográfica Cámara en mano Las Rozas</title>
<meta name="robots" content="index, follow, max-snippet:-1, max-image-preview:large, max-video-preview:-1" />
<link rel="canonical" href="https://camaraenmano.org/index.php/actas-de-las-reuniones-de-la-junta-directiva/" />
<meta property="og:locale" content="es_ES" />
<meta property="og:type" content="article" />
<meta property="og:title" content="Actas de las reuniones de la Junta Directiva - Asociación fotográfica Cámara en mano Las Rozas" />
<meta property="og:description" content="La Junta Directiva de Cámara en mano mantiene reuniones mensuales durante todo el año, excepto en verano. En estas reuniones se comentan las actividades futuras y se plantean todos los asuntos del día a día de la Asociación. En la reunión de la junta del mes de febrero (2026) se aprobó publicar estas actas para [&hellip;]" />
<meta property="og:url" content="https://camaraenmano.org/index.php/actas-de-las-reuniones-de-la-junta-directiva/" />
<meta property="og:site_name" content="Asociación fotográfica Cámara en mano Las Rozas" />
<meta property="article:publisher" content="https://www.facebook.com/AFCamaraenmano/" />
<meta property="article:modified_time" content="2026-04-06T10:54:01+00:00" />
<meta name="twitter:card" content="summary_large_image" />
<meta name="twitter:label1" content="Tiempo de lectura" />
	<meta name="twitter:data1" content="1 minuto" />
<script type="application/ld+json" class="yoast-schema-graph">{"@context":"https:\/\/schema.org","@graph":[{"@type":"WebPage","@id":"https:\/\/camaraenmano.org\/index.php\/actas-de-las-reuniones-de-la-junta-directiva\/","url":"https:\/\/camaraenmano.org\/index.php\/actas-de-las-reuniones-de-la-junta-directiva\/","name":"Actas de las reuniones de la Junta Directiva - Asociación fotográfica Cámara en mano Las Rozas","isPartOf":{"@id":"https:\/\/camaraenmano.org\/#website"},"datePublished":"2026-03-12T08:34:21+00:00","dateModified":"2026-04-06T10:54:01+00:00","breadcrumb":{"@id":"https:\/\/camaraenmano.org\/index.php\/actas-de-las-reuniones-de-la-junta-directiva\/#breadcrumb"},"inLanguage":"es","potentialAction":[{"@type":"ReadAction","target":["https:\/\/camaraenmano.org\/index.php\/actas-de-las-reuniones-de-la-junta-directiva\/"]}]},{"@type":"BreadcrumbList","@id":"https:\/\/camaraenmano.org\/index.php\/actas-de-las-reuniones-de-la-junta-directiva\/#breadcrumb","itemListElement":[{"@type":"ListItem","position":1,"name":"Portada","item":"https:\/\/camaraenmano.org\/"},{"@type":"ListItem","position":2,"name":"Actas de las reuniones de la Junta Directiva"}]},{"@type":"WebSite","@id":"https:\/\/camaraenmano.org\/#website","url":"https:\/\/camaraenmano.org\/","name":"Asociación fotográfica Cámara en mano Las Rozas","description":"","publisher":{"@id":"https:\/\/camaraenmano.org\/#organization"},"potentialAction":[{"@type":"SearchAction","target":{"@type":"EntryPoint","urlTemplate":"https:\/\/camaraenmano.org\/?s={search_term_string}"},"query-input":{"@type":"PropertyValueSpecification","valueRequired":true,"valueName":"search_term_string"}}],"inLanguage":"es"},{"@type":"Organization","@id":"https:\/\/camaraenmano.org\/#organization","name":"Cámara en mano","url":"https:\/\/camaraenmano.org\/","logo":{"@type":"ImageObject","inLanguage":"es","@id":"https:\/\/camaraenmano.org\/#\/schema\/logo\/image\/","url":"https:\/\/camaraenmano.org\/wp-content\/uploads\/2023\/10\/cropped-Logo-Camara-en-Mano-2-1.png","contentUrl":"https:\/\/camaraenmano.org\/wp-content\/uploads\/2023\/10\/cropped-Logo-Camara-en-Mano-2-1.png","width":3174,"height":2093,"caption":"Cámara en mano"},"image":{"@id":"https:\/\/camaraenmano.org\/#\/schema\/logo\/image\/"},"sameAs":["https:\/\/www.facebook.com\/AFCamaraenmano\/","https:\/\/www.instagram.com\/afcamaraenmano\/"]}]}</script>
<!-- / Yoast SEO plugin. -->

Actas de las reuniones de la Junta Directiva - Asociación fotográfica Cámara en mano Las Rozas

La Junta Directiva de Cámara en mano mantiene reuniones mensuales durante todo el año, excepto en verano. En estas reuniones se comentan las actividades futuras y se plantean todos los asuntos del día a día de la Asociación. En la reunión de la junta del mes de febrero (2026) se aprobó publicar estas actas para [&hellip;]

Asociación fotográfica Cámara en mano Las Rozas

Cámara en mano
